+ -3?
1103441
In base 10, what is 72735 + -16?
72719
In base 12, what is -5 - 22866?
-2286b
In base 4, what is -11 + -212312223?
-212312300
In base 7, what is 534 - 644?
-110
In base 14, what is -c + -200d?
-201b
In base 5, what is 143233133 - -1?
143233134
In base 8, what is -61623 - 1?
-61624
In base 7, what is 2 - 1666035?
-1666033
In base 10, what is 1 + 19894?
19895
In base 12, what is 1263 + 1a5?
1448
In base 14, what is 0 + -ac481?
-ac481
In base 6, what is 4055 + 2300?
10355
In base 14, what is -741 + -1d?
-760
In base 12, what is 260 - -434?
694
In base 5, what is -12 - -13110?
13043
In base 14, what is -4 - -1c0a3?
1c09d
In base 6, what is 2550 - 523?
2023
In base 14, what is -25b - -3?
-258
In base 12, what is -3 - 46612?
-46615
In base 13, what is -78 + -982?
-a2a
In base 15, what is -2 + -22e?
-231
In base 3, what is -100 - 10100?
-10200
In base 8, what is 17 - -41443?
41462
In base 5, what is 1313 - 2210?
-342
In base 12, what is 4887 - -25?
48b0
In base 6, what is -1511114 + -2?
-1511120
In base 6, what is 212 + 212123?
212335
In base 8, what is -4 + -26670?
-26674
In base 7, what is -40260 + 11?
-40246
In base 6, what is -21 + 1000?
535
In base 9, what is 8530571 - -1?
8530572
In base 15, what is bc6c + 8?
bc75
In base 9, what is -1 + 274205?
274204
In base 7, what is -425142 - -1?
-425141
In base 11, what is -519220 - 3?
-519223
In base 11, what is 4 - -1124?
1128
In base 9, what is -23586 - 4?
-23601
In base 6, what is -4343130 + 2?
-4343124
In base 2, what is -11 - -110010001011000?
110010001010101
In base 3, what is -2010000022 - 0?
-2010000022
In base 6, what is 130 - -32503?
33033
In base 6, what is -20353 - 21?
-20414
In base 7, what is -42364 + 0?
-42364
In base 12, what is 3092 + -151?
2b41
In base 9, what is -2 - 1178?
-1181
In base 8, what is -220 - -2405?
2165
In base 9, what is -103 + -648?
-752
In base 12, what is -5a18 + -75?
-5a91
In base 5, what is -201130 + 22?
-201103
In base 8, what is 1 - 407375?
-407374
In base 15, what is -2 - -6a7b?
6a79
In base 15, what is -6 + -e76?
-e7c
In base 11, what is -44 + 482?
439
In base 3, what is -102112 + -2002?
-111121
In base 13, what is 3889a + -4?
38896
In base 7, what is -246526 + 3?
-246523
In base 6, what is -3540 + -10005?
-13545
In base 10, what is -48 - 2869?
-2917
In base 2, what is 10001101011011111 - 1011?
10001101011010100
In base 11, what is 2 + 4001aa?
400201
In base 10, what is 656 + 2829?
3485
In base 8, what is 1623 - 354?
1247
In base 11, what is -3 + -5403?
-5406
In base 11, what is 2 - 583856?
-583854
In base 7, what is 103 + 155?
261
In base 16, what is -aec5 - 31?
-aef6
In base 16, what is -15129 - -4?
-15125
In base 16, what is -274 + -32?
-2a6
In base 3, what is -121000 - 120001220?
-120122220
In base 2, what is 1110100010100 + -1001100?
1110011001000
In base 11, what is 5 - 13176?
-13171
In base 2, what is 10011100 + -10100110100?
-10010011000
In base 5, what is 1403 - -332?
2240
In base 16, what is 2faeda + 2?
2faedc
In base 13, what is -a064 + -18?
-a07c
In base 16, what is 179a93 - 3?
179a90
In base 7, what is 3 - 36150?
-36144
In base 3, what is -2 - -21101201221?
21101201212
In base 12, what is -11 - -1685?
1674
In base 11, what is -4 + 111651?
111648
In base 6, what is 3051413 - 21?
3051352
In base 10, what is 2088 + 11?
2099
In base 6, what is 2 + 2410534?
2410540
In base 12, what is 93 + 5b53?
6026
In base 2, what is -11100 - 10010011011001100?
-10010011011101000
In base 5, what is 2401 - -34341?
42242
In base 9, what is -2238 - 3265?
-5514
In base 11, what is 18 + -3986?
-3969
In base 3, what is -1000212200222 - -11?
-1000212200211
In base 4, what is 13002 - -2121?
21123
In base 7, what is -1042 + 120?
-622
In base 16, what is -1c - dc?
-f8
In base 5, what is -2241324 + -10?
-2241334
In base 13, what is ca - 373?
-276
In base 16, what is -af - fd?
-1ac
In base 6, what is 1522024 - 0?
1522024
In base 10, what is -262 + -78?
-340
In base 4, what is -2 - -2131112?
2131110
In base 4, what is -101 + 3121011?
3120310
In base 3, what is 212012012 + 2?
212012021
In base 9, what is 1068656 + -3?
1068653
In base 3, what is -2221121101121 + -10?
-2221121101201
In base 16, what is 4d - 156?
-109
In base 7, what is 4 - -122346?
122353
In base 8, what is 120323 - -3?
120326
In base 2, what is -101 - -1001010011101000?
1001010011100011
In base 15, what is -34a2 + 7?
-349a
In base 10, what is -178 + -641?
-819
In base 5, what is -21 + -20124204?
-20124230
In base 14, what is 157 + 15?
16c
In base 3, what is 111202120 - 12?
111202101
In base 2, what is -11010 + -11110101111101?
-11110110010111
In base 10, what is 1640 + -168?
1472
In base 12, what is -1a15 + -15?
-1a2a
In base 4, what is -12023 + 311122?
233033
In base 12, what is 5 - -17b13?
17b18
In base 7, what is -143124 - 34?
-143161
In base 9, what is -1205220 + 3?
-1205216
In base 13, what is 1220 + -8ca?
623
In base 13, what is 8 + 5aba9?
5abb4
In base 8, what is -17210 + -4?
-17214
In base 8, what is -1370 - -3601?
2211
In base 9, what is 181 - 34?
146
In base 10, what is 224 + 18680?
18904
In base 3, what is -22002122 - -111?
-22002011
In base 12, what is -1 - -4312?
4311
In base 8, what is -3 - -661745?
661742
In base 9, what is -22 - 1448?
-1471
In base 14, what is 18d97 + -4?
18d93
In base 5, what is 1004 + 23033?
24042
In base 7, what is -653 - -241?
-412
In base 4, what is -1 - -132031302?
132031301
In base 12, what is 1 - -b725?
b726
In base 2, what is 1 - 10110111?
-10110110
In base 13, what is -255 - -593?
33b
In base 3, what is -221211 - -211111?
-10100
In base 3, what is 12 + -121001011?
-121000222
In base 11, what is 17a34a - -10?
17a35a
In base 11, what is -1255 + -a0?
-1345
In base 11, what is -1829 - 3?
-1831
In base 11, what is 5610 + -a4?
5517
In base 11, what is 17 - 33704?
-33698
In base 4, what is 1321021121 - 11?
1321021110
In base 10, what is 19079 - -59?
19138
In base 5, what is -21004 - -10122?
-10332
In base 2, what is 10000 - -10001000000100?
10001000010100
In base 14, what is -2a - 1c1?
-20b
In base 15, what is -1850 - -8?
-1847
In base 14, what is -55 + 1ad?
158
In base 4, what is 3031231 - -3?
3031300
In base 3, what is -12210 + -200112222?
-200202202
In base 12, what is -242 - -1a0?
-62
In base 15, what is -2e - 25c99?
-25cc8
In base 12, what is 1079 + b9?
1176
In base 7, what is -15005042 - 3?
-15005045
In base 6, what is 5 - -1323000?
1323005
In base 4, what is 103 - 202112?
-202003
In base 9, what is -377401 - 0?
-377401
In base 3, what is 2 + -20010200?
-20010121
In base 11, what is -13 - 8038?
-8050
In base 4, what is 21302 - 13333?
1303
In base 14, what is -d + -3401?
-3410
In base 12, what is 230a + -48?
2282
In base 7, what is 13 + -30653?
-30640
In base 4, what is 10 - 1310212?
-1310202
In base 16, what is 1e63 - d?
1e56
In base 4, what is -1213113 + -20212?
-1233331
In base 5, what is -441344 - 0?
-441344
In base 3, what is -1120002002 + -12?
-1120002021
In base 16, what is 4 - -42b1?
42b5
In base 10, what is -294 + -108?
-402
In base 12, what is 20 - 1515?
-14b5
In base 13, what is -103 - -1c50?
1b4a
In base 13, what is 4 - 6966?
-6962
In base 11, what is -29 + 1209?
1190
In base 9, what is 131 - 52?
68
In base 10, what is -16060 - -54?
-16006
In base 11, what is -199 + -22?
-210
In base 11, what is -13 + -20a9?
-2111
In base 15, what is -1a0 - 29?
-1c9
In base 5, what is -24004004 - 10?
-24004014
In base 7, what is -1556 - 1006?
-2565
In base 9, what is -331085 + 6?
-331078
In base 6, what is -1024231 + -110?
-1024341
In base 13, what is 2 - 7965?
-7963
In base 16, what is a228 - -f?
a237
In base 2, what is -1101 + 101111010010?
101111000101
In base 13, what is -35 - -3150?
3118
In base 15, what is c + 7c?
89
In base 3, what is -1020222012 - 102?
-1020222121
In base 16, what is -3 - -b266?
b263
In base 8, what is 0 - -167164?
167164
In base 8, what is 17002 + -4?
16776
In base 10, what is -27607 - 0?
-27607
In base 4, what is -12221 + 1322?
-10233
In base 8, what is 752 - -777?
1751
In base 7, what is -1515 + 132?
-1353
In base 2, what is 11001 - 1110100010111?
-1110011111110
In base 12, what is -1 - -4ab9?
4ab8
In base 7, what is 5634514 - 5?
5634506
In base 4, what is 10 - -3110122?
3110132
In base 13, what is 4714 + -1?
4713
In base 5, what is 311